 is divided by 44?
27
What is the remainder when 244 is divided by 214?
30
What is the remainder when 854 is divided by 43?
37
Calculate the remainder when 270 is divided by 77.
39
Calculate the remainder when 1169 is divided by 10.
9
What is the remainder when 86 is divided by 69?
17
Calculate the remainder when 273 is divided by 83.
24
What is the remainder when 140 is divided by 63?
14
What is the remainder when 616 is divided by 24?
16
What is the remainder when 509 is divided by 30?
29
What is the remainder when 746 is divided by 362?
22
What is the remainder when 25 is divided by 22?
3
Calculate the remainder when 1805 is divided by 431.
81
What is the remainder when 120 is divided by 28?
8
Calculate the remainder when 1130 is divided by 28.
10
What is the remainder when 2315 is divided by 129?
122
What is the remainder when 471 is divided by 18?
3
Calculate the remainder when 863 is divided by 205.
43
Calculate the remainder when 9929 is divided by 26.
23
Calculate the remainder when 482 is divided by 21.
20
Calculate the remainder when 193 is divided by 33.
28
What is the remainder when 112 is divided by 29?
25
What is the remainder when 1442 is divided by 182?
168
Calculate the remainder when 624 is divided by 18.
12
What is the remainder when 203 is divided by 12?
11
Calculate the remainder when 509 is divided by 32.
29
Calculate the remainder when 84 is divided by 56.
28
What is the remainder when 1518 is divided by 104?
62
What is the remainder when 70 is divided by 25?
20
Calculate the remainder when 109 is divided by 28.
25
Calculate the remainder when 1827 is divided by 601.
24
Calculate the remainder when 21 is divided by 4.
1
Calculate the remainder when 168 is divided by 38.
16
What is the remainder when 85 is divided by 83?
2
What is the remainder when 37 is divided by 25?
12
Calculate the remainder when 83 is divided by 17.
15
What is the remainder when 1560 is divided by 23?
19
Calculate the remainder when 3758 is divided by 114.
110
What is the remainder when 734 is divided by 67?
64
Calculate the remainder when 158 is divided by 20.
18
What is the remainder when 3776 is divided by 943?
4
What is the remainder when 10557 is divided by 30?
27
Calculate the remainder when 958 is divided by 237.
10
What is the remainder when 320 is divided by 291?
29
What is the remainder when 1915 is divided by 9?
7
Calculate the remainder when 1010 is divided by 8.
2
Calculate the remainder when 148 is divided by 80.
68
What is the remainder when 47 is divided by 28?
19
Calculate the remainder when 373 is divided by 11.
10
Calculate the remainder when 8916 is divided by 9.
6
What is the remainder when 33 is divided by 24?
9
Calculate the remainder when 79 is divided by 23.
10
What is the remainder when 1159 is divided by 14?
11
Calculate the remainder when 222 is divided by 222.
0
Calculate the remainder when 328 is divided by 15.
13
Calculate the remainder when 9533 is divided by 20.
13
What is the remainder when 306 is divided by 78?
72
Calculate the remainder when 50 is divided by 22.
6
What is the remainder when 1100 is divided by 46?
42
What is the remainder when 1077 is divided by 522?
33
Calculate the remainder when 340 is divided by 118.
104
Calculate the remainder when 1577 is divided by 10.
7
What is the remainder when 383 is divided by 64?
63
Calculate the remainder when 3759 is divided by 129.
18
What is the remainder when 389 is divided by 11?
4
Calculate the remainder when 1064 is divided by 13.
11
Calculate the remainder when 7475 is divided by 6.
5
Calculate the remainder when 194 is divided by 27.
5
What is the remainder when 127 is divided by 71?
56
Calculate the remainder when 142 is divided by 11.
10
Calculate the remainder when 3529 is divided by 16.
9
What is the remainder when 132 is divided by 86?
46
Calculate the remainder when 353 is divided by 32.
1
What is the remainder when 300 is divided by 297?
3
Calculate the remainder when 940 is divided by 86.
80
Calculate the remainder when 41 is divided by 21.
20
Calculate the remainder when 1072 is divided by 263.
20
Calculate the remainder when 1155 is divided by 89.
87
What is the remainder when 217 is divided by 37?
32
What is the remainder when 7081 is divided by 165?
151
Calculate the remainder when 51 is divided by 13.
12
What is the remainder when 526 is divided by 44?
42
What is the remainder when 654 is divided by 643?
11
Calculate the remainder when 1043 is divided by 365.
313
What is the remainder when 651 is divided by 77?
35
What is the remainder when 3643 is divided by 5?
3
What is the remainder when 7273 is divided by 25?
23
Calculate the remainder when 4671 is divided by 73.
72
Calculate the remainder when 2665 is divided by 70.
5
What is the remainder when 8850 is divided by 23?
18
Calculate the remainder when 2320 is divided by 86.
84
Calculate the remainder when 301 is divided by 58.
11
What is the remainder when 12214 is divided by 45?
19
Calculate the remainder when 94 is divided by 50.
44
Calculate the remainder when 1694 is divided by 99.
11
What is the remainder when 737 is divided by 91?
9
What is the remainder when 719 is divided by 80?
79
Calculate the remainder when 173 is divided by 52.
17
What is the remainder when 98329 is divided by 26?
23
Calculate the remainder when 122 is divided by 5.
2
What is the remainder when 25 is divided by 18?
7
Calculate the remainder when 437 is divided by 139.
20
What is the remainder when 219 is divided by 46?
35
Calculate the remainder when 373 is divided by 64.
53
What is the remainder when 515 is divided by 113?
63
What is the remainder when 2988 is divided by 44?
40
Calculate the remainder when 1013 is divided by 495.
23
Calculate the remainder when 530 is divided by 41.
38
Calculate the remainder when 375 is divided by 36.
15
What is the remainder when 937 is divided by 274?
115
Calculate the remainder when 72 is divided by 68.
4
What is the remainder when 389 is divided by 75?
14
Calculate the remainder when 302 is divided by 132.
38
What is the remainder when 202 is divided by 66?
4
Calculate the remainder when 81 is divided by 32.
17
What is the remainder when 176 is divided by 27?
14
Calculate the remainder when 573 is divided by 16.
13
Calculate the remainder when 830 is divided by 17.
14
What is the remainder when 166 is divided by 42?
40
What is the remainder when 77 is divided by 16?
13
What is the remainder when 144 is divided by 56?
32
Calculate the remainder when 59 is divided by 15.
14
Calculate the remainder when 24052 is divided by 38.
36
Calculate the remainder when 2418 is divided by 150.
18
Calculate the remainder when 89 is divided by 34.
21
What is the remainder when 475 is divided by 264?
211
Calculate the remainder when 1994 is divided by 124.
10
Calculate the remainder when 12537 is divided by 114.
111
Calculate the remainder when 167 is divided by 31.
12
What is the remainder when 143 is divided by 16?
15
Calculate the remainder when 5186 is divided by 39.
38
What is the remainder when 344 is divided by 27?
20
What is the remainder when 246 is divided by 7?
1
Calculate the remainder when 466 is divided by 67.
64
Calculate the remainder when 138 is divided by 127.
11
Calculate the remainder when 1523 is divided by 12.
11
What is the remainder when 743 is divided by 47?
38
Calculate the remainder when 634 is divided by 215.
204
Calculate the remainder when 1371 is divided by 227.
9
What is the remainder when 1835 is divided by 11?
9
Calculate the remainder when 10 is divided by 2.
0
Calculate the remainder when 425 is divided by 112.
89
Calculate the remainder when 48 is divided by 45.
3
What is the remainder when 2273 is divided by 227?
3
What is the remainder when 161 is divided by 96?
65
Calculate the remainder when 695 is divided by 12.
11
What is the remainder when 2653 is divided by 15?
13
Calculate the remainder when 63 is divided by 13.
11
Calculate the remainder when 942 is divided by 34.
24
Calculate the remainder when 247 is divided by 4.
3
Calculate the remainder when 811 is divided by 41.
32
What is the remainder when 1677 is divided by 131?
105
What is the remainder when 1528 is divided by 139?
138
Calculate the remainder when 228 is divided by 128.
100
Calculate